{"id":18,"date":"2025-04-17T14:05:22","date_gmt":"2025-04-17T14:05:22","guid":{"rendered":"https:\/\/vjkf.se\/?page_id=18"},"modified":"2025-04-17T14:59:11","modified_gmt":"2025-04-17T14:59:11","slug":"lexicon","status":"publish","type":"page","link":"https:\/\/vjkf.se\/index.php\/lexicon\/","title":{"rendered":"Lexicon"},"content":{"rendered":"\n<p>Detta \u00e4r ett lexikon \u00f6ver ord och termer som eventuellt f\u00f6rekommer som kanske inte n\u00f6dv\u00e4ndigtvis \u00e4r i g\u00e4ngse bruk. Uppdateras sporadiskt.<\/p>\n\n\n\n<p>This is a glossary of words and terms that may occur, which are not necessarily in common use. Sporadically updated.<\/p>\n\n\n\n<div class=\"wp-block-cover alignfull is-light has-contrast-color has-text-color has-link-color wp-elements-08f61b6bc3d7b3b852cf98de7c4ced82\" style=\"margin-top:0;margin-bottom:0;padding-top:var(--wp--preset--spacing--60);padding-right:var(--wp--preset--spacing--50);padding-bottom:var(--wp--preset--spacing--60);padding-left:var(--wp--preset--spacing--50)\"><span aria-hidden=\"true\" class=\"wp-block-cover__background has-base-background-color has-background-dim-100 has-background-dim\"><\/span><div class=\"wp-block-cover__inner-container has-global-padding is-layout-constrained wp-container-core-cover-is-layout-873ee6b1 wp-block-cover-is-layout-constrained\">\n<div class=\"wp-block-columns alignwide is-layout-flex wp-container-core-columns-is-layout-7ee84d44 wp-block-columns-is-layout-flex\">\n<div class=\"wp-block-column is-layout-flow wp-block-column-is-layout-flow\">\n<ul class=\"wp-block-list\">\n<li><em>Str\u00f6mmen<\/em> &#8211; det du uts\u00e4tts f\u00f6r n\u00e4r du, mot b\u00e4ttre vetande, l\u00e5ter algoritmen ta \u00f6ver p\u00e5 allehanda sociala medier, cf. Facebooks startsida, YouTube Shorts, TikTok &amp;c &amp;c. Ocks\u00e5 <em>Fl\u00f6det, Kontentstr\u00f6mmen.<\/em><\/li>\n\n\n\n<li><em>&amp;c<\/em> &#8211; etc, fast med ochtecken, eftersom ochtecknet \u00e4r bildat av et-ligaturen.<\/li>\n\n\n\n<li><em>Ligatur<\/em> &#8211; <a href=\"https:\/\/sv.wikipedia.org\/wiki\/Ligatur\" data-type=\"link\" data-id=\"https:\/\/sv.wikipedia.org\/wiki\/Ligatur\">typografisk sammans\u00e4ttning av flera bokst\u00e4ver<\/a>.<\/li>\n\n\n\n<li><em>Kontent<\/em> &#8211; det material med tveksam verksh\u00f6jd som befolkar <em>Str\u00f6mmen<\/em>.<\/li>\n\n\n\n<li><em>Gyttja, gr\u00f6t &#8211; <\/em>det (ofta AI-genererade) material som inte ens uppn\u00e5r <em>Kontent<\/em>-kvalitet.<\/li>\n<\/ul>\n<\/div>\n\n\n\n<div class=\"wp-block-column is-layout-flow wp-block-column-is-layout-flow\">\n<ul class=\"wp-block-list\">\n<li><em>The Stream<\/em> &#8211; what you are exposed to when you, against your better judgment, let the algorithm take the reins on social media, cf. Facebook&#8217;s start page, Youtube&#8217;s Shorts, TikTok &amp;c &amp;c. Also <em>the Feed, the Content Stream.<\/em><\/li>\n\n\n\n<li><em>&amp;c<\/em> &#8211; etc, but with an ampersand, because the ampersand is made from the et-ligature.<\/li>\n\n\n\n<li><em>Ligature <\/em>&#8211; <a href=\"https:\/\/en.wikipedia.org\/wiki\/Ligature_(writing)\" data-type=\"link\" data-id=\"https:\/\/en.wikipedia.org\/wiki\/Ligature_(writing)\">typographical combination of several letters<\/a>.<\/li>\n\n\n\n<li><em>Content<\/em> &#8211; the dubiously original material that populates <em>The Stream<\/em>.<\/li>\n\n\n\n<li><em>Slop<\/em> &#8211; the (often AI generated) material that doesn&#8217;t even reach the quality of <em>Content<\/em>.<\/li>\n<\/ul>\n<\/div>\n<\/div>\n<\/div><\/div>\n","protected":false},"excerpt":{"rendered":"<p>Detta \u00e4r ett lexikon \u00f6ver ord och termer som eventuellt f\u00f6rekommer som kanske inte n\u00f6dv\u00e4ndigtvis \u00e4r i g\u00e4ngse bruk. Uppdateras sporadiskt. This is a glossary of words and terms that may occur, which are not necessarily in common use. Sporadically updated.<\/p>\n","protected":false},"author":1,"featured_media":0,"parent":0,"menu_order":0,"comment_status":"closed","ping_status":"closed","template":"","meta":{"footnotes":""},"class_list":["post-18","page","type-page","status-publish","hentry"],"_links":{"self":[{"href":"https:\/\/vjkf.se\/index.php\/wp-json\/wp\/v2\/pages\/18","targetHints":{"allow":["GET"]}}],"collection":[{"href":"https:\/\/vjkf.se\/index.php\/wp-json\/wp\/v2\/pages"}],"about":[{"href":"https:\/\/vjkf.se\/index.php\/wp-json\/wp\/v2\/types\/page"}],"author":[{"embeddable":true,"href":"https:\/\/vjkf.se\/index.php\/wp-json\/wp\/v2\/users\/1"}],"replies":[{"embeddable":true,"href":"https:\/\/vjkf.se\/index.php\/wp-json\/wp\/v2\/comments?post=18"}],"version-history":[{"count":2,"href":"https:\/\/vjkf.se\/index.php\/wp-json\/wp\/v2\/pages\/18\/revisions"}],"predecessor-version":[{"id":32,"href":"https:\/\/vjkf.se\/index.php\/wp-json\/wp\/v2\/pages\/18\/revisions\/32"}],"wp:attachment":[{"href":"https:\/\/vjkf.se\/index.php\/wp-json\/wp\/v2\/media?parent=18"}],"curies":[{"name":"wp","href":"https:\/\/api.w.org\/{rel}","templated":true}]}}